y 63404?
486
Calculate the remainder when 6378014 is divided by 21.
20
Calculate the remainder when 819588 is divided by 191.
7
Calculate the remainder when 6414127 is divided by 1282825.
2
Calculate the remainder when 287055 is divided by 15944.
63
Calculate the remainder when 9439110 is divided by 1573181.
24
What is the remainder when 1017700 is divided by 12254?
618
What is the remainder when 2150701 is divided by 1075323?
55
Calculate the remainder when 867697 is divided by 216907.
69
Calculate the remainder when 1791727 is divided by 137825.
2
Calculate the remainder when 231660 is divided by 1753.
264
Calculate the remainder when 319339 is divided by 103921.
7576
What is the remainder when 284882 is divided by 34085?
12202
Calculate the remainder when 47558657 is divided by 33.
14
Calculate the remainder when 9958202 is divided by 2489458.
370
What is the remainder when 66884 is divided by 65470?
1414
What is the remainder when 64514 is divided by 379?
84
What is the remainder when 406923 is divided by 135470?
513
Calculate the remainder when 205758 is divided by 205406.
352
What is the remainder when 12559714 is divided by 103?
100
What is the remainder when 5186894 is divided by 3897?
3884
Calculate the remainder when 19745067 is divided by 258.
69
What is the remainder when 13702491 is divided by 2746?
2697
Calculate the remainder when 64035024 is divided by 1230.
1224
What is the remainder when 516632 is divided by 251?
74
Calculate the remainder when 10398597 is divided by 49517.
27
Calculate the remainder when 133328 is divided by 18187.
6019
What is the remainder when 201371245 is divided by 21?
19
What is the remainder when 400017 is divided by 133230?
327
What is the remainder when 588576 is divided by 137?
24
Calculate the remainder when 78672 is divided by 78031.
641
What is the remainder when 5318645 is divided by 35?
10
What is the remainder when 422423 is divided by 211189?
45
What is the remainder when 16518144 is divided by 194331?
9
Calculate the remainder when 122607 is divided by 2118.
1881
Calculate the remainder when 1071401 is divided by 353397.
11210
Calculate the remainder when 90407 is divided by 272.
103
What is the remainder when 9784509 is divided by 9784505?
4
Calculate the remainder when 243461 is divided by 1525.
986
Calculate the remainder when 175353 is divided by 1098.
771
Calculate the remainder when 10332629 is divided by 10332623.
6
Calculate the remainder when 978602 is divided by 2788.
14
What is the remainder when 42531 is divided by 13826?
1053
Calculate the remainder when 703395 is divided by 175845.
15
Calculate the remainder when 10984750 is divided by 185.
5
Calculate the remainder when 20641889 is divided by 134.
127
Calculate the remainder when 4731396 is divided by 10680.
156
What is the remainder when 550580 is divided by 1546?
204
Calculate the remainder when 743990 is divided by 500.
490
Calculate the remainder when 70898 is divided by 310.
218
Calculate the remainder when 740432 is divided by 3350.
82
Calculate the remainder when 41758 is divided by 1910.
1648
Calculate the remainder when 437454 is divided by 1736.
1718
Calculate the remainder when 72216 is divided by 842.
646
Calculate the remainder when 660457 is divided by 6808.
81
What is the remainder when 374248 is divided by 37?
30
What is the remainder when 10934578 is divided by 7895?
3
What is the remainder when 3163818 is divided by 263643?
102
What is the remainder when 1345568705 is divided by 197?
196
Calculate the remainder when 154793 is divided by 17191.
74
What is the remainder when 50165 is divided by 1068?
1037
Calculate the remainder when 14367 is divided by 6700.
967
Calculate the remainder when 101617 is divided by 3370.
517
Calculate the remainder when 17083130 is divided by 323.
306
What is the remainder when 2313181 is divided by 7609?
45
What is the remainder when 3611063 is divided by 42483?
8
What is the remainder when 20728799 is divided by 1800?
1799
What is the remainder when 123042 is divided by 899?
778
Calculate the remainder when 273577 is divided by 743.
153
Calculate the remainder when 79121908 is divided by 555.
553
What is the remainder when 536477 is divided by 26?
19
What is the remainder when 145892 is divided by 72946?
0
Calculate the remainder when 4168865 is divided by 292.
273
What is the remainder when 24011385 is divided by 23177?
13
What is the remainder when 5681 is divided by 193?
84
What is the remainder when 12552316 is divided by 9?
7
What is the remainder when 7128977 is divided by 445556?
81
Calculate the remainder when 296630 is divided by 37073.
46
What is the remainder when 16137 is divided by 3381?
2613
What is the remainder when 2599411 is divided by 433223?
73
Calculate the remainder when 32515 is divided by 6493.
50
What is the remainder when 1020577 is divided by 24298?
61
What is the remainder when 3405715 is divided by 96?
19
Calculate the remainder when 3817379 is divided by 68.
63
Calculate the remainder when 610866 is divided by 53.
41
What is the remainder when 1574809 is divided by 116?
109
What is the remainder when 39831776 is divided by 7?
5
What is the remainder when 236289152 is divided by 59072283?
20
Calculate the remainder when 3805385 is divided by 26426.
41
What is the remainder when 19723 is divided by 6519?
166
Calculate the remainder when 9296258 is divided by 46021.
16
What is the remainder when 46748377 is divided by 34?
9
What is the remainder when 13251301 is divided by 8770?
8601
Calculate the remainder when 3752104 is divided by 1718.
1710
What is the remainder when 49062676 is divided by 23?
19
Calculate the remainder when 4436573 is divided by 213.
209
Calculate the remainder when 808239 is divided by 17.
8
What is the remainder when 1007865673 is divided by 62?
59
Calculate the remainder when 547591 is divided by 623.
597
What is the remainder when 6436755 is divided by 311?
299
What is the remainder when 28522553 is divided by 660?
653
What is the remainder when 229524 is divided by 32781?
57
Calculate the remainder when 80150 is divided by 1070.
970
What is the remainder when 55809 is divided by 3980?
89
Calculate the remainder when 515488 is divided by 19826.
12
Calculate the remainder when 63152 is divided by 700.
152
What is the remainder when 1373493 is divided by 117?
30
What is the remainder when 1448069 is divided by 6034?
5943
Calculate the remainder when 1532041 is divided by 534.
529
What is the remainder when 522210309 is divided by 936?
933
What is the remainder when 52281 is divided by 211?
164
What is the remainder when 161430 is divided by 845?
35
What is the remainder when 18411441 is divided by 381?
378
Calculate the remainder when 147870 is divided by 5778.
3420
What is the remainder when 67504907 is divided by 276?
275
What is the remainder when 36469 is divided by 36421?
48
Calculate the remainder when 1584018 is divided by 485.
8
What is the remainder when 1277910 is divided by 3155?
135
What is the remainder when 8957978 is divided by 5?
3
What is the remainder when 27509 is divided by 37?
18
What is the remainder when 389294364 is divided by 1793?
1790
What is the remainder when 15625106 is divided by 3034?
6
Calculate the remainder when 18626880 is divided by 7061.
7023
What is the remainder when 65657 is divided by 32600?
457
Calculate the remainder when 5932763 is divided by 335.
248
What is the remainder when 167918 is divided by 33523?
303
What is the remainder when 49312 is divided by 3241?
697
Calculate the remainder when 772369 is divided by 109.
104
What is the remainder when 1076218 is divided by 4459?
1599
Calculate the remainder when 1101298876 is divided by 253.
249
What is the remainder when 937226 is divided by 17312?
2378
Calculate the remainder when 3222846 is divided by 223.
50
Calculate the remainder when 110359 is divided by 126.
109
Calculate the remainder when 161190 is divided by 617.
153
Calculate the remainder when 753549 is divided by 25118.
9
Calculate the remainder when 1246287 is divided by 5.
2
Calculate the remainder when 121924443 is divided by 49.
46
Calculate the remainder when 606978 is divided by 8921.
350
Calculate the remainder when 341713 is divided by 318.
181
What is the re